 = r + -6. Calculate the highest common factor of 2 and m.
2
Let v(w) = -w**2 - 10*w - 5. Let r be v(-7). Suppose 0 = -g + 16*g - 600. What is the highest common factor of r and g?
8
Suppose -5*d - 1125 = -4*t, 8*d - 5*d - 557 = -2*t. What is the greatest common divisor of 40 and t?
40
Let j = 7 - 4. Let v be (-90)/3*j/(-6). Suppose v = 3*t + 2*c, 0*t - c - 6 = -3*t. Calculate the highest common factor of t and 21.
3
Let z(n) = n**3 - 2*n**2 - n - 124. Let m be z(0). Let s be m/(-8) - (2 + (-12)/8). What is the greatest common divisor of s and 45?
15
Suppose 22*l + 3375 = 27*l + 3*m, 3*l - 2001 = 3*m. What is the highest common divisor of 56 and l?
56
Let l be 78/2 + (0 - 1 - -1). Let b = 119 + 37. What is the greatest common divisor of b and l?
39
Suppose 147 = 7*t - 91. What is the greatest common factor of 85 and t?
17
Let z = 2525 + -2489. Suppose -4*u - 13 = -61. What is the highest common divisor of u and z?
12
Suppose g + 3*m - 47 = 9, 4*g - 154 = 2*m. Calculate the highest common divisor of g and 41.
41
Suppose -4*h + 10 = h. Suppose h*f - 3 = -5*c, f + c + 4*c = -11. Suppose 5 = 2*o - 9. Calculate the greatest common divisor of o and f.
7
Let w = 39 - 7. Suppose 16 = -3*j + 7*j. Suppose -28 = -3*c + j*d - 8*d, 0 = 5*c - d - 39. Calculate the greatest common divisor of c and w.
8
Suppose -5*z + 5*k = -225, -23 = -4*z + 5*k + 158. Let o be (-6)/(-14) + (17227/49 - 0). What is the greatest common factor of o and z?
44
Let b(q) = 5*q**2 - 53*q. Let t be b(11). Suppose c + 4*m = 194, 4*c = 5*c - m - 199. What is the greatest common divisor of t and c?
22
Let k be (-2)/(-5) + 54/15. Suppose r - 8 = -0*w + w, 0 = -3*r - 6. Let v be (12/w)/(k/(-50)). Calculate the highest common factor of 3 and v.
3
Let g = -1412 + 1857. What is the highest common factor of 5 and g?
5
Suppose -15*z = 1628 - 3008. Calculate the greatest common divisor of z and 28.
4
Suppose 0 = -t + 5*y + 7, -y = -3*y. Suppose -4*m - 24 = 2*z, -t*m = z - 3*m + 12. Let o be 15/z*1*-12. What is the greatest common divisor of o and 105?
15
Suppose 13 = 4*o + 5*q, -4*o = -2*q + 3*q - 9. Suppose -x + o*s + 34 = 0, 6*s - 92 = -3*x + 2*s. What is the highest common factor of x and 48?
16
Let q = -10 + 115. Suppose i - 460 = -4*i. Suppose 8*l - 28 = i. Calculate the greatest common factor of q and l.
15
Let d = -66 + 146. Let u(m) = -3*m + 35. Let q be u(5). Calculate the highest common divisor of d and q.
20
Suppose 37 = c + 38. Let g be c/(-3 + (-2 - 76/(-16))). What is the highest common factor of g and 6?
2
Suppose -3*b = -9 - 48. Suppose 4*s = -b + 67. What is the greatest common divisor of s and 12?
12
Suppose 150 = 15*d - 5*d. What is the highest common divisor of 195 and d?
15
Suppose 0 = -4*o + 3*v + 87, -5*o - 2*v = -0*o - 126. Calculate the highest common divisor of o and 9.
3
Let o(v) = v**2 + v + 6. Let c be o(0). Let u = -2339 + 2351. What is the highest common factor of c and u?
6
Suppose 16 - 160 = -6*b. Suppose -n + b + 42 = 0. What is the highest common divisor of n and 22?
22
Suppose -a + 2*a + 159 = 2*i, 300 = 4*i + 4*a. Let w = i - 64. What is the highest common divisor of w and 70?
14
Let s(k) = 5*k**2 + k + 3. Suppose 12 = 5*b - b. Let c be s(b). Let f = -34 + c. Calculate the highest common divisor of f and 102.
17
Suppose -4*v = 2*z + 20, -4 + 8 = -3*v + 4*z. Let s = -34 + 43. Let a = v + s. What is the greatest common factor of 2 and a?
1
Suppose 174 = 7*f - 10*f. Let r = -54 - f. What is the greatest common factor of r and 44?
4
Let o = 1023 - 434. What is the greatest common divisor of 57 and o?
19
Suppose -8 = i - 6. Let c be -2 + (-5)/(-2) - 21/i. What is the greatest common divisor of 44 and c?
11
Suppose -1 = 2*d - 507. Let v = -176 + d. Suppose 7 = r - 0. What is the highest common divisor of v and r?
7
Let d(f) = -3*f**2 - 1 + 12*f**2 - 1 - f + 0*f. Let t be d(-2). Let y(x) = x**3 + x + 2. Let r be y(2). Calculate the greatest common factor of t and r.
12
Let i(t) = 11*t + 29. Let b be i(14). Let m = 258 - b. What is the highest common divisor of 15 and m?
15
Let o = 5 + 2. Suppose 0 = 5*w - 2*d + o, -4*d = w + d - 4. Let i be (210/9)/(w/(-3)). What is the highest common factor of i and 14?
14
Suppose 71 = 3*p + 4*g, -32*p + g = -31*p - 12. What is the greatest common factor of p and 391?
17
Let i(n) = 2*n**2 + n - 1. Let x be i(-2). Let u be 40/12*6/4. What is the greatest common divisor of x and u?
5
Suppose -1302 = -5*y - q, 0 = 5*y + 5*q + 92 - 1382. What is the greatest common divisor of y and 9?
9
Let m = -68 - -101. Let v = -55 - -95. Let l = -29 + v. Calculate the highest common factor of l and m.
11
Let s(d) = 1020*d**3 + d**2 + 2*d - 3. Let w be s(1). Calculate the highest common factor of 85 and w.
85
Let k = -67 - -298. Let y = k + -63. Calculate the highest common divisor of y and 21.
21
Suppose -2*r + 18 = -6. Let o(i) = i**3 + 2*i**2 - 3*i + 3. Let t be o(-3). Let n be ((-22)/6 - -2)/(t/(-54)). Calculate the highest common factor of n and r.
6
Let c(a) = -9*a**3 + 2*a**2 + 3*a + 2. Let k be c(-2). Let d be (-1 + k)*15/45. Calculate the highest common divisor of 125 and d.
25
Let h = 522 - 263. Let u = 1347 + -1310. What is the greatest common divisor of h and u?
37
Let c = -32 - -14. Let h be (c/(-21))/(3/(-21)). Let x = 3 - h. Calculate the greatest common divisor of x and 3.
3
Let z be -2 - -20 - (2 - 6). Let k = 24 - z. Suppose k*v = 7*v - 270. Calculate the highest common divisor of 135 and v.
27
Let d(m) = -23*m - 176. Let l be d(-10). What is the highest common factor of 6 and l?
6
Let c(z) = -2*z**2 + 23*z - 8. Let t be c(11). Suppose -2*h - 72 - 20 = -3*a, -t*h = 5*a - 147. Calculate the greatest common factor of 210 and a.
30
Suppose h + 20 = 5*h. Suppose 0 = 4*t + h*s - 29, 3*t + 9*s - 4*s - 18 = 0. What is the highest common divisor of 11 and t?
11
Let j = 74 + -71. Suppose j*p + 68 = 7*p. What is the highest common factor of 136 and p?
17
Let f be (4 + -50 - -2)/(-2). Calculate the greatest common factor of f and 55.
11
Let k = -263 + 338. Calculate the highest common divisor of k and 625.
25
Let q = 2 + 0. Let y be -7*(-8 - 350/(-49)). Calculate the highest common factor of q and y.
2
Let y = -5 + 3. Let t(z) = -28*z**3 + 2*z**2 + 2*z + 3. Let q be t(y). Let k be 1216/57 + -2 + (-5)/(-3). What is the highest common divisor of q and k?
21
Let x = 11 + 3. Let n be 14/(-4)*(-104)/182. Calculate the highest common factor of n and x.
2
Let s(o) = 2*o**3 - 13*o**2 + 38*o - 7. Let f be s(3). What is the highest common divisor of f and 902?
22
Let a(g) = -8*g + 5 - g + 0. Let c be a(-4). Let o = 131 - c. Calculate the highest common factor of o and 36.
18
Suppose 0 = 8*f - 9*f + 14. Suppose 0 = n + 1, -f*q + 10*q + 5*n + 545 = 0. Calculate the greatest common factor of 54 and q.
27
Let l(n) = n**2 - n - 3. Let c be l(-3). Let z be (-4)/(-8)*-6*-1. Suppose -z = -i - 0*i. What is the greatest common factor of i and c?
3
Let s be (-1 + -10)/(1/(-3)). Suppose 3*p - 5*b - 1089 = 0, 4*b = 7*p - 5*p - 726. Calculate the greatest common divisor of s and p.
33
Let r be (-2 + -1)*-3 - 4. Let s(w) = w**2 - 2*w - 3. Let b be s(r). What is the highest common factor of b and 12?
12
Let u be -5*1*252/(-105). Calculate the greatest common factor of 126 and u.
6
Suppose 0 = 10*u - 506 - 124. What is the highest common divisor of u and 84?
21
Let b(i) = 3*i**2 + 4*i + 3. Let m be b(-3). Calculate the highest common divisor of m and 66.
6
Let j = -49 - -49. Suppose j = -0*t - 4*t + 68. What is the greatest common divisor of 34 and t?
17
Suppose 577 = 6*y - 173. Calculate the highest common divisor of 100 and y.
25
Suppose -2 = 4*r - 66. Let v be (-1)/(-4) - (-43)/4. Let y = v + -7. Calculate the highest common factor of r and y.
4
Suppose -9*k + 43*k = 53482. Calculate the highest common divisor of k and 11.
11
Let h = -1135 - -1351. Calculate the highest common divisor of 72 and h.
72
Suppose 2*h - 3*g + 10 - 14 = 0, 0 = h + g - 12. Let s be ((-3)/(-12))/(h/64). What is the greatest common factor of 28 and s?
2
Let c = 60 + -56. Let g be (-2 - -3)*(-2 - -2). Suppose -c*v + 63 - 19 = g. Calculate the highest common factor of v and 22.
11
Let t(a) = a**3 + 15*a**2 - 18*a - 31. Let k be t(-16). Calculate the highest common factor of 2 and k.
1
Sup